{"id":10,"date":"2017-03-17T11:23:00","date_gmt":"2017-03-17T10:23:00","guid":{"rendered":"https:\/\/pepinieres-entreprises.est-ensemble.fr\/bondy\/?page_id=10"},"modified":"2026-02-18T15:55:09","modified_gmt":"2026-02-18T14:55:09","slug":"la-pepiniere","status":"publish","type":"page","link":"https:\/\/pepinieres-entreprises.est-ensemble.fr\/bondy\/la-pepiniere\/","title":{"rendered":"LA PEPINIERE"},"content":{"rendered":"<h1>Une structure d\u2019aide et d\u2019accueil<\/h1>\n<p>La p\u00e9pini\u00e8re de Bondy est une structure d\u2019<strong>accueil<\/strong>, d\u2019<strong>h\u00e9bergement<\/strong>, d\u2019<strong>accompagnement<\/strong> et d\u2019<strong>appui<\/strong> aux porteurs de projet et cr\u00e9ateurs d\u2019entreprise, dont l\u2019objectif est d\u2019aider et de <strong>renforcer leurs chances de succ\u00e8s<\/strong>. La p\u00e9pini\u00e8re d\u2019entreprises permet \u00e9galement au dirigeant d\u2019entreprise de s\u2019inscrire dans un <strong>environnement stimulant<\/strong> d\u2019entreprises en cr\u00e9ation et en d\u00e9veloppement.<\/p>\n","protected":false},"excerpt":{"rendered":"<p>Une structure d\u2019aide et d\u2019accueil La p\u00e9pini\u00e8re de Bondy est une structure d\u2019accueil, d\u2019h\u00e9bergement, d\u2019accompagnement et d\u2019appui aux porteurs de projet et cr\u00e9ateurs d\u2019entreprise, dont l\u2019objectif est d\u2019aider et de renforcer leurs chances de succ\u00e8s. La p\u00e9pini\u00e8re d\u2019entreprises permet \u00e9galement au dirigeant d\u2019entreprise de s\u2019inscrire dans un environnement stimulant d\u2019entreprises en cr\u00e9ation et en d\u00e9veloppement.<\/p>\n","protected":false},"author":1,"featured_media":1464,"parent":0,"menu_order":3,"comment_status":"closed","ping_status":"closed","template":"","meta":{"_acf_changed":false,"footnotes":""},"class_list":["post-10","page","type-page","status-publish","has-post-thumbnail","hentry"],"acf":[],"_links":{"self":[{"href":"https:\/\/pepinieres-entreprises.est-ensemble.fr\/bondy\/wp-json\/wp\/v2\/pages\/10","targetHints":{"allow":["GET"]}}],"collection":[{"href":"https:\/\/pepinieres-entreprises.est-ensemble.fr\/bondy\/wp-json\/wp\/v2\/pages"}],"about":[{"href":"https:\/\/pepinieres-entreprises.est-ensemble.fr\/bondy\/wp-json\/wp\/v2\/types\/page"}],"author":[{"embeddable":true,"href":"https:\/\/pepinieres-entreprises.est-ensemble.fr\/bondy\/wp-json\/wp\/v2\/users\/1"}],"replies":[{"embeddable":true,"href":"https:\/\/pepinieres-entreprises.est-ensemble.fr\/bondy\/wp-json\/wp\/v2\/comments?post=10"}],"version-history":[{"count":6,"href":"https:\/\/pepinieres-entreprises.est-ensemble.fr\/bondy\/wp-json\/wp\/v2\/pages\/10\/revisions"}],"predecessor-version":[{"id":1482,"href":"https:\/\/pepinieres-entreprises.est-ensemble.fr\/bondy\/wp-json\/wp\/v2\/pages\/10\/revisions\/1482"}],"wp:featuredmedia":[{"embeddable":true,"href":"https:\/\/pepinieres-entreprises.est-ensemble.fr\/bondy\/wp-json\/wp\/v2\/media\/1464"}],"wp:attachment":[{"href":"https:\/\/pepinieres-entreprises.est-ensemble.fr\/bondy\/wp-json\/wp\/v2\/media?parent=10"}],"curies":[{"name":"wp","href":"https:\/\/api.w.org\/{rel}","templated":true}]}}